{"id":107,"date":"2022-01-10T14:10:14","date_gmt":"2022-01-10T14:10:14","guid":{"rendered":"http:\/\/infoplusz.hu\/?page_id=107"},"modified":"2022-03-25T08:48:48","modified_gmt":"2022-03-25T08:48:48","slug":"elementor-107","status":"publish","type":"page","link":"http:\/\/infoplusz.hu\/?page_id=107","title":{"rendered":"Most ad\u00e1sban"},"content":{"rendered":"\t\t<div data-elementor-type=\"wp-page\" data-elementor-id=\"107\" class=\"elementor elementor-107\" data-elementor-settings=\"[]\">\n\t\t\t\t\t\t\t<div class=\"elementor-section-wrap\">\n\t\t\t\t\t\t\t<section class=\"elementor-section elementor-top-section elementor-element elementor-element-0645007 elementor-section-boxed elementor-section-height-default elementor-section-height-default\" data-id=\"0645007\" data-element_type=\"section\">\n\t\t\t\t\t\t<div class=\"elementor-container elementor-column-gap-default\">\n\t\t\t\t\t<div class=\"elementor-column elementor-col-100 elementor-top-column elementor-element elementor-element-67bad2d\" data-id=\"67bad2d\" data-element_type=\"column\">\n\t\t\t<div class=\"elementor-widget-wrap elementor-element-populated\">\n\t\t\t\t\t\t\t\t<div class=\"elementor-element elementor-element-529f0e0 elementor-widget elementor-widget-heading\" data-id=\"529f0e0\" data-element_type=\"widget\" data-widget_type=\"heading.default\">\n\t\t\t\t<div class=\"elementor-widget-container\">\n\t\t\t<style>\/*! elementor - v3.5.3 - 28-12-2021 *\/\n.elementor-heading-title{padding:0;margin:0;line-height:1}.elementor-widget-heading .elementor-heading-title[class*=elementor-size-]>a{color:inherit;font-size:inherit;line-height:inherit}.elementor-widget-heading .elementor-heading-title.elementor-size-small{font-size:15px}.elementor-widget-heading .elementor-heading-title.elementor-size-medium{font-size:19px}.elementor-widget-heading .elementor-heading-title.elementor-size-large{font-size:29px}.elementor-widget-heading .elementor-heading-title.elementor-size-xl{font-size:39px}.elementor-widget-heading .elementor-heading-title.elementor-size-xxl{font-size:59px}<\/style><h1 class=\"elementor-heading-title elementor-size-default\">Most ad\u00e1sban<\/h1>\t\t<\/div>\n\t\t\t\t<\/div>\n\t\t\t\t\t<\/div>\n\t\t<\/div>\n\t\t\t\t\t\t\t<\/div>\n\t\t<\/section>\n\t\t\t\t<section class=\"elementor-section elementor-top-section elementor-element elementor-element-7298c63 elementor-section-boxed elementor-section-height-default elementor-section-height-default\" data-id=\"7298c63\" data-element_type=\"section\">\n\t\t\t\t\t\t<div class=\"elementor-container elementor-column-gap-default\">\n\t\t\t\t\t<div class=\"elementor-column elementor-col-100 elementor-top-column elementor-element elementor-element-33c2336\" data-id=\"33c2336\" data-element_type=\"column\">\n\t\t\t<div class=\"elementor-widget-wrap elementor-element-populated\">\n\t\t\t\t\t\t\t\t<div class=\"elementor-element elementor-element-1d3a393 elementor-widget elementor-widget-text-editor\" data-id=\"1d3a393\" data-element_type=\"widget\" data-widget_type=\"text-editor.default\">\n\t\t\t\t<div class=\"elementor-widget-container\">\n\t\t\t<style>\/*! elementor - v3.5.3 - 28-12-2021 *\/\n.elementor-widget-text-editor.elementor-drop-cap-view-stacked .elementor-drop-cap{background-color:#818a91;color:#fff}.elementor-widget-text-editor.elementor-drop-cap-view-framed .elementor-drop-cap{color:#818a91;border:3px solid;background-color:transparent}.elementor-widget-text-editor:not(.elementor-drop-cap-view-default) .elementor-drop-cap{margin-top:8px}.elementor-widget-text-editor:not(.elementor-drop-cap-view-default) .elementor-drop-cap-letter{width:1em;height:1em}.elementor-widget-text-editor .elementor-drop-cap{float:left;text-align:center;line-height:1;font-size:50px}.elementor-widget-text-editor .elementor-drop-cap-letter{display:inline-block}<\/style>\t\t\t\t<p>09:00\u00a018:00\u00a02660\u00a0&#8211;\u00a0helyi\u00a0h\u00edrek<br \/>09:10\u00a018:10\u00a0Aktu\u00e1lis<br \/>09:50\u00a018:50\u00a0Taxi\u00a0&#8211;\u00a0Vit\u00e9z\u00a0Kata<br \/>10:10\u00a019:10\u00a0Balassagyarmati\u00a0Kr\u00f3nika:\u00a0Boszork\u00e1nydal<br \/>10:40\u00a019:40\u00a02660\u00a0&#8211;\u00a0helyi\u00a0h\u00edrek<br \/>10:50\u00a019:50\u00a0Aktu\u00e1lis<br \/>11:30\u00a020:30\u00a0K\u00e9p\u00fajs\u00e1g<\/p>\t\t\t\t\t\t<\/div>\n\t\t\t\t<\/div>\n\t\t\t\t\t<\/div>\n\t\t<\/div>\n\t\t\t\t\t\t\t<\/div>\n\t\t<\/section>\n\t\t\t\t\t\t<\/div>\n\t\t\t\t\t<\/div>\n\t\t","protected":false},"excerpt":{"rendered":"<p>Most ad\u00e1sban 09:00\u00a018:00\u00a02660\u00a0&#8211;\u00a0helyi\u00a0h\u00edrek09:10\u00a018:10\u00a0Aktu\u00e1lis09:50\u00a018:50\u00a0Taxi\u00a0&#8211;\u00a0Vit\u00e9z\u00a0Kata10:10\u00a019:10\u00a0Balassagyarmati\u00a0Kr\u00f3nika:\u00a0Boszork\u00e1nydal10:40\u00a019:40\u00a02660\u00a0&#8211;\u00a0helyi\u00a0h\u00edrek10:50\u00a019:50\u00a0Aktu\u00e1lis11:30\u00a020:30\u00a0K\u00e9p\u00fajs\u00e1g<\/p>\n","protected":false},"author":1,"featured_media":0,"parent":0,"menu_order":0,"comment_status":"closed","ping_status":"closed","template":"elementor_canvas","meta":[],"_links":{"self":[{"href":"http:\/\/infoplusz.hu\/index.php?rest_route=\/wp\/v2\/pages\/107"}],"collection":[{"href":"http:\/\/infoplusz.hu\/index.php?rest_route=\/wp\/v2\/pages"}],"about":[{"href":"http:\/\/infoplusz.hu\/index.php?rest_route=\/wp\/v2\/types\/page"}],"author":[{"embeddable":true,"href":"http:\/\/infoplusz.hu\/index.php?rest_route=\/wp\/v2\/users\/1"}],"replies":[{"embeddable":true,"href":"http:\/\/infoplusz.hu\/index.php?rest_route=%2Fwp%2Fv2%2Fcomments&post=107"}],"version-history":[{"count":32,"href":"http:\/\/infoplusz.hu\/index.php?rest_route=\/wp\/v2\/pages\/107\/revisions"}],"predecessor-version":[{"id":260,"href":"http:\/\/infoplusz.hu\/index.php?rest_route=\/wp\/v2\/pages\/107\/revisions\/260"}],"wp:attachment":[{"href":"http:\/\/infoplusz.hu\/index.php?rest_route=%2Fwp%2Fv2%2Fmedia&parent=107"}],"curies":[{"name":"wp","href":"https:\/\/api.w.org\/{rel}","templated":true}]}}